remainder when 84551 is divided by 776?
743
Calculate the remainder when 49122 is divided by 24561.
0
What is the remainder when 211067 is divided by 9?
8
What is the remainder when 849361 is divided by 25?
11
What is the remainder when 212529 is divided by 133?
128
What is the remainder when 117073 is divided by 58415?
243
What is the remainder when 28536 is divided by 3169?
15
What is the remainder when 925 is divided by 894?
31
What is the remainder when 351283 is divided by 70255?
8
What is the remainder when 45258 is divided by 12?
6
What is the remainder when 47564 is divided by 274?
162
What is the remainder when 17556 is divided by 31?
10
Calculate the remainder when 266816 is divided by 29645.
11
What is the remainder when 1918 is divided by 77?
70
What is the remainder when 26412 is divided by 2934?
6
Calculate the remainder when 534714 is divided by 364.
362
Calculate the remainder when 2504 is divided by 72.
56
What is the remainder when 1985105 is divided by 54?
11
Calculate the remainder when 10628 is divided by 252.
44
What is the remainder when 2425 is divided by 489?
469
What is the remainder when 15361 is divided by 454?
379
What is the remainder when 1012 is divided by 33?
22
Calculate the remainder when 6297 is divided by 5017.
1280
Calculate the remainder when 21462 is divided by 2957.
763
What is the remainder when 296097 is divided by 125?
97
Calculate the remainder when 9367530 is divided by 1058.
1056
What is the remainder when 864 is divided by 288?
0
Calculate the remainder when 150370 is divided by 341.
330
Calculate the remainder when 2892 is divided by 61.
25
What is the remainder when 46322 is divided by 279?
8
What is the remainder when 83419 is divided by 10420?
59
Calculate the remainder when 2953 is divided by 1455.
43
Calculate the remainder when 78248 is divided by 5214.
38
What is the remainder when 28806 is divided by 134?
130
Calculate the remainder when 25694 is divided by 8509.
167
Calculate the remainder when 8243 is divided by 64.
51
What is the remainder when 8835 is divided by 385?
365
Calculate the remainder when 489996 is divided by 727.
725
Calculate the remainder when 243175 is divided by 11.
9
Calculate the remainder when 32269 is divided by 3571.
130
What is the remainder when 151511 is divided by 428?
427
Calculate the remainder when 10224 is divided by 140.
4
Calculate the remainder when 62809 is divided by 349.
338
What is the remainder when 5225 is divided by 210?
185
What is the remainder when 19983 is divided by 80?
63
Calculate the remainder when 7900 is divided by 357.
46
Calculate the remainder when 2002 is divided by 287.
280
What is the remainder when 17599 is divided by 926?
5
Calculate the remainder when 99851 is divided by 6.
5
Calculate the remainder when 6474 is divided by 541.
523
Calculate the remainder when 462449 is divided by 47.
16
Calculate the remainder when 10507 is divided by 216.
139
What is the remainder when 210 is divided by 80?
50
Calculate the remainder when 38484 is divided by 12825.
9
What is the remainder when 44791 is divided by 236?
187
What is the remainder when 89821 is divided by 17?
10
What is the remainder when 141492 is divided by 15?
12
What is the remainder when 183010 is divided by 91477?
56
What is the remainder when 258414 is divided by 144?
78
Calculate the remainder when 35680 is divided by 8920.
0
What is the remainder when 76593 is divided by 38295?
3
Calculate the remainder when 262769 is divided by 25.
19
What is the remainder when 65281 is divided by 21?
13
Calculate the remainder when 5752 is divided by 51.
40
Calculate the remainder when 642610 is divided by 22.
12
Calculate the remainder when 947462 is divided by 56.
54
Calculate the remainder when 98705 is divided by 790.
745
What is the remainder when 1020 is divided by 324?
48
Calculate the remainder when 13509 is divided by 36.
9
What is the remainder when 93175 is divided by 79?
34
What is the remainder when 255 is divided by 226?
29
What is the remainder when 3252618 is divided by 3?
0
Calculate the remainder when 2991164 is divided by 192.
188
Calculate the remainder when 918192 is divided by 15.
12
What is the remainder when 9291 is divided by 249?
78
Calculate the remainder when 3253 is divided by 331.
274
What is the remainder when 6011 is divided by 286?
5
What is the remainder when 3437 is divided by 1088?
173
Calculate the remainder when 8458 is divided by 94.
92
Calculate the remainder when 2795 is divided by 635.
255
Calculate the remainder when 95975 is divided by 37.
34
Calculate the remainder when 972 is divided by 104.
36
Calculate the remainder when 101545 is divided by 16923.
7
What is the remainder when 10555 is divided by 15?
10
Calculate the remainder when 40874 is divided by 511.
505
What is the remainder when 581 is divided by 285?
11
Calculate the remainder when 28509 is divided by 4054.
131
What is the remainder when 728 is divided by 618?
110
What is the remainder when 326989 is divided by 1189?
14
Calculate the remainder when 3220932 is divided by 1762.
1758
Calculate the remainder when 89261 is divided by 27.
26
What is the remainder when 29405 is divided by 3674?
13
What is the remainder when 33418 is divided by 263?
17
What is the remainder when 4668 is divided by 770?
48
What is the remainder when 37347 is divided by 179?
115
Calculate the remainder when 674 is divided by 435.
239
Calculate the remainder when 40119 is divided by 108.
51
What is the remainder when 4608 is divided by 8?
0
Calculate the remainder when 51372 is divided by 1120.
972
Calculate the remainder when 33548 is divided by 2092.
76
Calculate the remainder when 1506 is divided by 239.
72
Calculate the remainder when 31488 is divided by 3935.
8
Calculate the remainder when 17392 is divided by 295.
282
What is the remainder when 94 is divided by 63?
31
What is the remainder when 3586 is divided by 3098?
488
Calculate the remainder when 302569 is divided by 325.
319
Calculate the remainder when 46410 is divided by 82.
80
Calculate the remainder when 43113 is divided by 89.
37
What is the remainder when 148115 is divided by 322?
317
What is the remainder when 3631 is divided by 367?
328
What is the remainder when 22189 is divided by 19?
16
Calculate the remainder when 9844 is divided by 4918.
8
Calculate the remainder when 4604 is divided by 189.
68
What is the remainder when 1303 is divided by 196?
127
Calculate the remainder when 648930 is divided by 38.
4
What is the remainder when 12426 is divided by 336?
330
What is the remainder when 6706 is divided by 55?
51
What is the remainder when 1546536 is divided by 1459?
1455
Calculate the remainder when 2725 is divided by 658.
93
Calculate the remainder when 1043 is divided by 263.
254
Calculate the remainder when 3196 is divided by 253.
160
Calculate the remainder when 82347 is divided by 150.
147
Calculate the remainder when 9186 is divided by 300.
186
Calculate the remainder when 6130 is divided by 2244.
1642
What is the remainder when 12875 is divided by 429?
5
Calculate the remainder when 1830 is divided by 876.
78
What is the remainder when 3932 is divided by 583?
434
Calculate the remainder when 10616 is divided by 64.
56
Calculate the remainder when 194187 is divided by 16.
11
Calculate the remainder when 7259 is divided by 74.
7
What is the remainder when 23880 is divided by 770?
10
What is the remainder when 15637 is divided by 36?
13
Calculate the remainder when 9858402 is divided by 393.
390
Calculate the remainder when 12860 is divided by 1551.
452
What is the remainder when 6595 is divided by 1123?
980
What is the remainder when 647 is divided by 235?
177
Calculate the remainder when 11052 is divided by 18.
0
What is the remainder when 5268 is divided by 579?
57
What is the remainder when 143137 is divided by 421?
418
What is the remainder when 3147 is divided by 1568?
11
Calculate the remainder when 506688 is divided by 39.
0
Calculate the remainder when 5268 is divided by 218.
36
Calculate the remainder when 121418 is divided by 20236.
2
What is the remainder when 1831 is divided by 914?
3
What is the remainder when 99000 is divided by 43?
14
Calculate the remainder when 53828 is divided by 423.
107
Calculate the rema